{"id":129,"date":"2025-03-17T12:24:10","date_gmt":"2025-03-17T11:24:10","guid":{"rendered":"https:\/\/obtener.cluster021.hosting.ovh.net\/?page_id=129"},"modified":"2025-08-22T11:48:49","modified_gmt":"2025-08-22T09:48:49","slug":"calcular-numero-de-clientes","status":"publish","type":"page","link":"https:\/\/www.obtenerclientes.es\/","title":{"rendered":"Calcular n\u00famero de clientes"},"content":{"rendered":"\n<h2 class=\"wp-block-heading\">Calcular n\u00famero de clientes<\/h2>\n\n\n\n<div data-tf-live=\"01JPHXDJDMP4Z1H40VDXB1XBYW\"><\/div><script src=\"\/\/embed.typeform.com\/next\/embed.js\"><\/script>\n\n\n\n<h2 class=\"wp-block-heading\">Rendimientos de captaci\u00f3n de clientes por sectores.<\/h2>\n\n\n<div id=\"ymc-smart-filter-container-1\" \r\n\t\t\t\t  class=\"ymc-smart-filter-container ymc-filter-803 ymc-loaded-filter ymc-filter-layout1 ymc-post-layout1 ymc-pagination-load-more data-target-ymc803-1 data-target-ymc1 \" data-loading=\"true\"\r\n\t\t\t\t  data-params='{\"cpt\":\"post\",\"tax\":\"category,post_tag\",\"terms\":\"47,24,25,26,45,23,42,13,43\",\"default_terms\":\"\",\"exclude_posts\":\"off\",\"choices_posts\":\"\",\"posts_selected\":\"all\",\"preloader_icon\":\"preloader_1\",\"type_pg\":\"load-more\",\"per_page\":\"10\",\"page\":\"1\",\"page_scroll\":\"1\",\"preloader_filters\":\"none\",\"preloader_filters_rate\":\"0.5\",\"preloader_filters_custom\":\"\",\"post_animation\":\"\",\"popup_animation\":\"normal\",\"letter\":\"\",\"post_layout\":\"post-layout1\",\"filter_layout\":\"filter-layout1\",\"filter_id\":\"803\",\"search\":\"\",\"search_filtered_posts\":\"0\",\"carousel_params\":&quot;&quot;,\"filter_date\":\"\",\"sort_order\":\"\",\"sort_orderby\":\"\",\"meta_key\":\"\",\"meta_query\":\"\",\"date_query\":\"\",\"data_target\":\"data-target-ymc1\",\"target_id\":\"1\",\"page_id\":\"0\"}'>\r\n<div id=\"filter-layout1-1\" class=\"filter-layout filter-layout1 filter-layout1-803 filter-layout1-803-1\">\r\n\r\n\t\r\n    <ul class=\"filter-entry\">\r\n\r\n\t\t<li class=\"filter-item\">\r\n                      <a class=\"filter-link all active\" aria-label=\"Todos\" role=\"button\" data-selected=\"all\" data-termid=\"47,24,25,26,45,23,42,13,43\">Todos<\/a><\/li><li class='filter-item '>\r\n\t\t\t\t\t     <a class='filter-link     ' style='' aria-label='Construcci\u00f3n' role='button' data-selected='construccion' data-termid='24'><span class=\"link-inner\">Construcci\u00f3n<\/span><\/a><\/li><li class='filter-item '>\r\n\t\t\t\t\t     <a class='filter-link     ' style='' aria-label='Electricidad' role='button' data-selected='electricidad' data-termid='25'><span class=\"link-inner\">Electricidad<\/span><\/a><\/li><li class='filter-item '>\r\n\t\t\t\t\t     <a class='filter-link     ' style='' aria-label='Fotovolt\u00e1ica' role='button' data-selected='fotovoltaica' data-termid='26'><span class=\"link-inner\">Fotovolt\u00e1ica<\/span><\/a><\/li><li class='filter-item '>\r\n\t\t\t\t\t     <a class='filter-link     ' style='' aria-label='Inmobiliario' role='button' data-selected='inmobiliario' data-termid='23'><span class=\"link-inner\">Inmobiliario<\/span><\/a><\/li><li class='filter-item '>\r\n\t\t\t\t\t     <a class='filter-link     ' style='' aria-label='Rendimientos de sectores' role='button' data-selected='rendimientos-de-sectores' data-termid='13'><span class=\"link-inner\">Rendimientos de sectores<\/span><\/a><\/li><li class='filter-item '>\r\n\t\t\t\t\t     <a class='filter-link     ' style='' aria-label='Salud' role='button' data-selected='salud' data-termid='43'><span class=\"link-inner\">Salud<\/span><\/a><\/li><li class='filter-item '>\r\n\t\t\t\t\t     <a class='filter-link     ' style='' aria-label='aeron\u00e1utica' role='button' data-selected='aeronautica' data-termid='47'><span class=\"link-inner\">aeron\u00e1utica<\/span><\/a><\/li><li class='filter-item '>\r\n\t\t\t\t\t     <a class='filter-link     ' style='' aria-label='gubernamental' role='button' data-selected='gubernamental' data-termid='45'><span class=\"link-inner\">gubernamental<\/span><\/a><\/li><li class='filter-item '>\r\n\t\t\t\t\t     <a class='filter-link     ' style='' aria-label='mobiliario' role='button' data-selected='mobiliario' data-termid='42'><span class=\"link-inner\">mobiliario<\/span><\/a><\/li>\r\n\t<\/ul>\r\n\r\n    <div class=\"posts-found\"><\/div>\r\n\r\n    \r\n<\/div>\r\n\r\n\r\n\r\n<div class=\"container-posts container-post-layout1\"><div class=\"post-entry ymc-xs-col-1 ymc-sm-col-1 ymc-md-col-2 ymc-lg-col-2 ymc-xl-col-2 ymc-xxl-col-2 post-layout1 post-layout1-803 post-layout1-803-1\"><\/div><\/div><\/div>\n\n\n\n<h2 class=\"wp-block-heading\"><\/h2>\n","protected":false},"excerpt":{"rendered":"<p>Calcular n\u00famero de clientes Rendimientos de captaci\u00f3n de clientes por sectores.<\/p>\n","protected":false},"author":1,"featured_media":828,"parent":0,"menu_order":0,"comment_status":"closed","ping_status":"closed","template":"","meta":{"footnotes":""},"class_list":["post-129","page","type-page","status-publish","has-post-thumbnail","hentry"],"yoast_head":"<!-- This site is optimized with the Yoast SEO plugin v25.1 - https:\/\/yoast.com\/wordpress\/plugins\/seo\/ -->\n<title>Calcular n\u00famero de clientes - obtenerclientes.es<\/title>\n<meta name=\"robots\" content=\"index, follow, max-snippet:-1, max-image-preview:large, max-video-preview:-1\" \/>\n<link rel=\"canonical\" href=\"https:\/\/www.obtenerclientes.es\/\" \/>\n<meta property=\"og:locale\" content=\"es_ES\" \/>\n<meta property=\"og:type\" content=\"article\" \/>\n<meta property=\"og:title\" content=\"Calcular n\u00famero de clientes - obtenerclientes.es\" \/>\n<meta property=\"og:description\" content=\"Calcular n\u00famero de clientes Rendimientos de captaci\u00f3n de clientes por sectores.\" \/>\n<meta property=\"og:url\" content=\"https:\/\/www.obtenerclientes.es\/\" \/>\n<meta property=\"og:site_name\" content=\"obtenerclientes.es\" \/>\n<meta property=\"article:modified_time\" content=\"2025-08-22T09:48:49+00:00\" \/>\n<meta property=\"og:image\" content=\"https:\/\/www.obtenerclientes.es\/wp-content\/uploads\/2025\/08\/Calcular-n\u00famero-de-clientes1.png\" \/>\n\t<meta property=\"og:image:width\" content=\"1200\" \/>\n\t<meta property=\"og:image:height\" content=\"630\" \/>\n\t<meta property=\"og:image:type\" content=\"image\/png\" \/>\n<meta name=\"twitter:card\" content=\"summary_large_image\" \/>\n<meta name=\"twitter:label1\" content=\"Tiempo de lectura\" \/>\n\t<meta name=\"twitter:data1\" content=\"1 minuto\" \/>\n<script type=\"application\/ld+json\" class=\"yoast-schema-graph\">{\"@context\":\"https:\/\/schema.org\",\"@graph\":[{\"@type\":\"WebPage\",\"@id\":\"https:\/\/www.obtenerclientes.es\/\",\"url\":\"https:\/\/www.obtenerclientes.es\/\",\"name\":\"Calcular n\u00famero de clientes - obtenerclientes.es\",\"isPartOf\":{\"@id\":\"https:\/\/www.obtenerclientes.es\/#website\"},\"primaryImageOfPage\":{\"@id\":\"https:\/\/www.obtenerclientes.es\/#primaryimage\"},\"image\":{\"@id\":\"https:\/\/www.obtenerclientes.es\/#primaryimage\"},\"thumbnailUrl\":\"https:\/\/www.obtenerclientes.es\/wp-content\/uploads\/2025\/08\/Calcular-n\u00famero-de-clientes1.png\",\"datePublished\":\"2025-03-17T11:24:10+00:00\",\"dateModified\":\"2025-08-22T09:48:49+00:00\",\"breadcrumb\":{\"@id\":\"https:\/\/www.obtenerclientes.es\/#breadcrumb\"},\"inLanguage\":\"es\",\"potentialAction\":[{\"@type\":\"ReadAction\",\"target\":[\"https:\/\/www.obtenerclientes.es\/\"]}]},{\"@type\":\"ImageObject\",\"inLanguage\":\"es\",\"@id\":\"https:\/\/www.obtenerclientes.es\/#primaryimage\",\"url\":\"https:\/\/www.obtenerclientes.es\/wp-content\/uploads\/2025\/08\/Calcular-n\u00famero-de-clientes1.png\",\"contentUrl\":\"https:\/\/www.obtenerclientes.es\/wp-content\/uploads\/2025\/08\/Calcular-n\u00famero-de-clientes1.png\",\"width\":1200,\"height\":630,\"caption\":\"Calcular n\u00famero de clientes\"},{\"@type\":\"BreadcrumbList\",\"@id\":\"https:\/\/www.obtenerclientes.es\/#breadcrumb\",\"itemListElement\":[{\"@type\":\"ListItem\",\"position\":1,\"name\":\"Portada\",\"item\":\"https:\/\/www.obtenerclientes.es\/\"},{\"@type\":\"ListItem\",\"position\":2,\"name\":\"Calcular n\u00famero de clientes\"}]},{\"@type\":\"WebSite\",\"@id\":\"https:\/\/www.obtenerclientes.es\/#website\",\"url\":\"https:\/\/www.obtenerclientes.es\/\",\"name\":\"obtenerclientes.es\",\"description\":\"Captamos clientes para tu empresa.\",\"potentialAction\":[{\"@type\":\"SearchAction\",\"target\":{\"@type\":\"EntryPoint\",\"urlTemplate\":\"https:\/\/www.obtenerclientes.es\/?s={search_term_string}\"},\"query-input\":{\"@type\":\"PropertyValueSpecification\",\"valueRequired\":true,\"valueName\":\"search_term_string\"}}],\"inLanguage\":\"es\"}]}<\/script>\n<!-- \/ Yoast SEO plugin. -->","yoast_head_json":{"title":"Calcular n\u00famero de clientes - obtenerclientes.es","robots":{"index":"index","follow":"follow","max-snippet":"max-snippet:-1","max-image-preview":"max-image-preview:large","max-video-preview":"max-video-preview:-1"},"canonical":"https:\/\/www.obtenerclientes.es\/","og_locale":"es_ES","og_type":"article","og_title":"Calcular n\u00famero de clientes - obtenerclientes.es","og_description":"Calcular n\u00famero de clientes Rendimientos de captaci\u00f3n de clientes por sectores.","og_url":"https:\/\/www.obtenerclientes.es\/","og_site_name":"obtenerclientes.es","article_modified_time":"2025-08-22T09:48:49+00:00","og_image":[{"width":1200,"height":630,"url":"https:\/\/www.obtenerclientes.es\/wp-content\/uploads\/2025\/08\/Calcular-n\u00famero-de-clientes1.png","type":"image\/png"}],"twitter_card":"summary_large_image","twitter_misc":{"Tiempo de lectura":"1 minuto"},"schema":{"@context":"https:\/\/schema.org","@graph":[{"@type":"WebPage","@id":"https:\/\/www.obtenerclientes.es\/","url":"https:\/\/www.obtenerclientes.es\/","name":"Calcular n\u00famero de clientes - obtenerclientes.es","isPartOf":{"@id":"https:\/\/www.obtenerclientes.es\/#website"},"primaryImageOfPage":{"@id":"https:\/\/www.obtenerclientes.es\/#primaryimage"},"image":{"@id":"https:\/\/www.obtenerclientes.es\/#primaryimage"},"thumbnailUrl":"https:\/\/www.obtenerclientes.es\/wp-content\/uploads\/2025\/08\/Calcular-n\u00famero-de-clientes1.png","datePublished":"2025-03-17T11:24:10+00:00","dateModified":"2025-08-22T09:48:49+00:00","breadcrumb":{"@id":"https:\/\/www.obtenerclientes.es\/#breadcrumb"},"inLanguage":"es","potentialAction":[{"@type":"ReadAction","target":["https:\/\/www.obtenerclientes.es\/"]}]},{"@type":"ImageObject","inLanguage":"es","@id":"https:\/\/www.obtenerclientes.es\/#primaryimage","url":"https:\/\/www.obtenerclientes.es\/wp-content\/uploads\/2025\/08\/Calcular-n\u00famero-de-clientes1.png","contentUrl":"https:\/\/www.obtenerclientes.es\/wp-content\/uploads\/2025\/08\/Calcular-n\u00famero-de-clientes1.png","width":1200,"height":630,"caption":"Calcular n\u00famero de clientes"},{"@type":"BreadcrumbList","@id":"https:\/\/www.obtenerclientes.es\/#breadcrumb","itemListElement":[{"@type":"ListItem","position":1,"name":"Portada","item":"https:\/\/www.obtenerclientes.es\/"},{"@type":"ListItem","position":2,"name":"Calcular n\u00famero de clientes"}]},{"@type":"WebSite","@id":"https:\/\/www.obtenerclientes.es\/#website","url":"https:\/\/www.obtenerclientes.es\/","name":"obtenerclientes.es","description":"Captamos clientes para tu empresa.","potentialAction":[{"@type":"SearchAction","target":{"@type":"EntryPoint","urlTemplate":"https:\/\/www.obtenerclientes.es\/?s={search_term_string}"},"query-input":{"@type":"PropertyValueSpecification","valueRequired":true,"valueName":"search_term_string"}}],"inLanguage":"es"}]}},"_links":{"self":[{"href":"https:\/\/www.obtenerclientes.es\/index.php\/wp-json\/wp\/v2\/pages\/129","targetHints":{"allow":["GET"]}}],"collection":[{"href":"https:\/\/www.obtenerclientes.es\/index.php\/wp-json\/wp\/v2\/pages"}],"about":[{"href":"https:\/\/www.obtenerclientes.es\/index.php\/wp-json\/wp\/v2\/types\/page"}],"author":[{"embeddable":true,"href":"https:\/\/www.obtenerclientes.es\/index.php\/wp-json\/wp\/v2\/users\/1"}],"replies":[{"embeddable":true,"href":"https:\/\/www.obtenerclientes.es\/index.php\/wp-json\/wp\/v2\/comments?post=129"}],"version-history":[{"count":5,"href":"https:\/\/www.obtenerclientes.es\/index.php\/wp-json\/wp\/v2\/pages\/129\/revisions"}],"predecessor-version":[{"id":880,"href":"https:\/\/www.obtenerclientes.es\/index.php\/wp-json\/wp\/v2\/pages\/129\/revisions\/880"}],"wp:featuredmedia":[{"embeddable":true,"href":"https:\/\/www.obtenerclientes.es\/index.php\/wp-json\/wp\/v2\/media\/828"}],"wp:attachment":[{"href":"https:\/\/www.obtenerclientes.es\/index.php\/wp-json\/wp\/v2\/media?parent=129"}],"curies":[{"name":"wp","href":"https:\/\/api.w.org\/{rel}","templated":true}]}}